+ 477 = 0. What is the hundreds digit of s?
1
Let y(q) = -q**3 + 7*q**2 - 10*q + 5. Let n be 5*5/25 - -4. Let g be y(n). Suppose -5*x = g*j - 347 + 132, 0 = -5*x - 4*j + 214. What is the units digit of x?
2
Let t = 22 + 2. Suppose 5*s = s - t. What is the units digit of s/14 + (-80)/(-7)?
1
Let k be (-1215)/33 - 4/22. Let r = -14 - k. Suppose -7 = 4*m - r. What is the units digit of m?
4
Let j be (-5 + 35/14)/((-1)/116). Let x = j + -196. What is the tens digit of x?
9
Let o(x) = -x**2 + 5*x - 4. Let z be o(3). What is the tens digit of (304/12)/(z/21)?
6
Let v(d) = -97*d + 54*d - 2 + 3*d**3 - d**2 + 49*d. What is the tens digit of v(3)?
8
Let n(i) = -8*i - 30. Suppose 7*m + 5 = -44. What is the units digit of n(m)?
6
Let i(d) = 10*d**2 + 9*d - 8. What is the hundreds digit of i(6)?
4
Suppose f + 1480 = -f. What is the units digit of f/(-32) + 1/(-8)?
3
What is the tens digit of 16/6 + 278880/288?
7
Suppose -37455 = -16*l + 5*l. What is the hundreds digit of l?
4
Let h(a) = 13 + 5*a - 11 + 182*a**2 - 7*a. What is the hundreds digit of h(1)?
1
Let z = 29 - 32. Let c(t) = -4*t**3 - 3*t**2 + 3*t + 1. What is the tens digit of c(z)?
7
Let v(f) = 4*f**2 + 3*f - 106. What is the tens digit of v(-10)?
6
Suppose 2*k + 10 = u + 3*k, -5*u - k = -58. Suppose -5*q + 9*q - u = 0. What is the units digit of q?
3
Let s be (3 - 1) + -3 - -2. Let q be (s - -3)*21/12. Suppose -3*c = -61 + q. What is the tens digit of c?
1
Let a be (0 + 10/3)*(-612)/(-24). Suppose 101 = a*m - 84*m. What is the hundreds digit of m?
1
Let f(o) = 7 + 3*o - o + 3*o - 4*o. Let t be f(-10). Let r = t + 6. What is the units digit of r?
3
Let k = 5742 - 820. What is the hundreds digit of k?
9
Let g = -353 - -1146. What is the hundreds digit of g?
7
Suppose 5*z - 4 = 4*z. Suppose -6 = z*y - 6*y. What is the units digit of (y + 2 + -2)/3?
1
Suppose 58 + 316 = 2*z. Suppose -3*f + 32 + z = 0. What is the units digit of f?
3
Let u be (4/(-10))/((-24)/20 + 1). Suppose -u*x + 286 + 216 = 0. What is the units digit of x?
1
What is the units digit of (8/5)/((-22)/(-550))?
0
Let z(n) be the first derivative of 5 - 3*n**2 - 2*n**3 - 3*n - 1/4*n**4. What is the units digit of z(-5)?
2
Suppose -5*f = -0*f - 5715. What is the tens digit of f?
4
What is the tens digit of 4130/6 - (6 - 80/12)?
8
Let f(b) = 57*b + 21. Let g(x) = 8*x + 3. Let s(w) = -2*f(w) + 15*g(w). What is the units digit of s(6)?
9
What is the tens digit of ((-9)/4)/(-1*21/23464)?
1
Suppose -7*c = -9*c + 14. Let t = c + 29. What is the tens digit of t?
3
Suppose 14*b = -5063 + 30291. What is the hundreds digit of b?
8
Let t = -726 + 1319. What is the tens digit of t?
9
Let y = -9 - -12. Let x be (-6)/9*y*2. What is the units digit of (x/(-3))/(1/6)?
8
Suppose -5*y = 0, 3*i + 2*y = 8 - 2. Suppose 0 = 137*w - 123*w + 756. What is the units digit of (-342)/w + i/3?
7
Let w be -2 - (-1 + -7 + 0). Suppose -5*v + 1617 = w*v. What is the units digit of v?
7
Suppose 4*v + 34 = 2*u + 3*v, 2*u - 28 = -2*v. Suppose 4*b + 2*h = 8*b - u, 12 = -3*h. Suppose 0 = -r - 2*r + 3, 3*m - 73 = b*r. What is the tens digit of m?
2
What is the units digit of ((-9)/(-4))/((-14)/(-672))?
8
Let g(z) = 2*z**2 - 3*z**2 - 2*z - 4 - 2*z - z**3. Let j = 139 - 142. What is the tens digit of g(j)?
2
Let y = 1967 - 1393. What is the units digit of y?
4
Let r(i) be the second derivative of i**4/6 - 5*i**3/6 - i**2/2 + i. Let u = 15 - 10. What is the units digit of r(u)?
4
Let g = -47 - -52. Suppose -g*c = 5*o - 110, -2*c - 8 = -3*o - 62. What is the units digit of c?
4
Let o = 800 - -23. Suppose 3*p + 31 - o = 0. Suppose 3*w + 2*t = 2*w + 60, -4*w + p = 2*t. What is the units digit of w?
8
Let w(d) = d**2 + 9*d - 6. Let r be w(-10). Suppose 0 = r*s - 2*c - 24, 6 = -c + 2. Let z(f) = -f**2 + 9*f - 8. What is the units digit of z(s)?
2
Suppose 11 = -2*r + 5*o, 0*o - 5 = -r - o. Let a be -4*(r + 3/(-6)). What is the units digit of 304/24*a/(-4)?
9
Let h be ((-679)/(-77) - 6) + 2/11. Suppose h*o - 3*j = -o + 486, 5*j = -2*o + 230. What is the tens digit of o?
2
Suppose -4*b - b = 220. Let y = b - -114. What is the units digit of y?
0
Let f(n) = 7*n**2 - 3*n. Let i = -9 - -10. Let o be i/((-10)/4 + 3). What is the units digit of f(o)?
2
Suppose 3*t - 3*y + 51 = -5*y, -4*y = -2*t - 34. Let l = 4 - 5. Let q = l - t. What is the tens digit of q?
1
Let a(j) = 18*j - 87. Let h be a(5). Suppose -5*o + 0*o + 5 = 0. What is the units digit of o/h + 1568/21?
5
Let x(p) = 84*p - 200. What is the tens digit of x(12)?
0
Let r = 34 + -30. What is the units digit of r*(-21)/(-12)*2?
4
Let a = 694 + -391. Suppose 863 = 5*f + a. What is the units digit of f?
2
Suppose 4*n - 8 - 15 = -3*z, -3*z - 7 = -2*n. Suppose 0 = -2*f - z + 5. Suppose f*o + 0*o - 16 = 0. What is the units digit of o?
8
Let k = 29 + -24. Suppose -k*z - 4*z + 1242 = 0. What is the hundreds digit of z?
1
Suppose -4508 = -5*u + 3*g - 1052, -5*g = u - 680. What is the tens digit of u?
9
Let p = -62 - 62. Let c be ((-5)/(-10))/(2/p). Let y = -9 - c. What is the tens digit of y?
2
Let d(o) = -o**3 - o - 1. Let a be (1/2)/((-1)/20). Let j = -13 - a. What is the units digit of d(j)?
9
Let h(w) = 88*w + 414. What is the tens digit of h(30)?
5
Let d be (-10)/(-2) + -1 + 0. Suppose -3*h - n + 6*n - 2 = 0, -3*n = -d*h + 12. Suppose i + h = z + 20, 2*z = i - 16. What is the units digit of i?
2
Let o(w) = 30*w - 319. What is the tens digit of o(15)?
3
Let z(s) = 281*s**2 - 10*s + 8. What is the units digit of z(3)?
7
Suppose 0 = 14*d + 14808 - 61400. What is the hundreds digit of d?
3
Let s(u) = u**3 - 8*u**2 - u + 11. Let r be s(8). Suppose 0 = -2*q, -3*a - 4*q = -r*q + 24. Let o = 21 + a. What is the tens digit of o?
1
Let g = -152 - -155. Let d(x) = -8*x**2 - 2*x + 2. Let i be d(2). What is the tens digit of 4 - (i - g)*2?
7
Suppose 3*u = -3*s + 8433, 2*u + 11268 = 21*s - 17*s. What is the units digit of s?
5
Let b = -10 - -21. Suppose -138 = -13*r + b*r. Suppose 2*u - 4*y - r = -19, 3*y + 80 = 4*u. What is the tens digit of u?
1
Suppose -y - 3*j = -0*j - 353, -4*y - 2*j + 1452 = 0. What is the hundreds digit of y?
3
Let f(g) = 8*g + 37. Let c be f(-12). Let i = -55 - c. What is the units digit of i?
4
Let k(r) = -86*r - 1. Let p be k(-2). Suppose 2*d + 3*b - p = 0, -3*d - d - 2*b = -346. Suppose -5*u + d = -2*u. What is the units digit of u?
9
Let a(l) = l**3 - 11*l**2 + 28*l - 2. Let v be a(7). Let p(i) = -14*i + 13. What is the units digit of p(v)?
1
Let u = -11 + 12. What is the units digit of u/(-3)*(-1560)/8?
5
Let h(r) = -5*r + 12. Suppose 5*n - 9 = 4*o, -23 = 3*o + n - 2. What is the units digit of h(o)?
2
Let y = -3 + 10. Let b = -16 - -22. Suppose -b*m = -y*m + 5. What is the units digit of m?
5
Let u = -43 + 79. Let w be 8 + -12 - (-6)/1. Suppose w*c - u - 2 = 0. What is the units digit of c?
9
What is the tens digit of (892/18)/(18/162)?
4
Let s = 81 + -74. Suppose 5*g + 8 = s*g. What is the units digit of g?
4
Let k = 51 - 51. Suppose 0 = 4*f - 4*s - 1076, 3*s + k*s = 2*f - 534. What is the units digit of f?
3
Let l = 47 + -33. Let n = l + 2. What is the tens digit of n?
1
What is the tens digit of 4 - (-90)/(-21) - (-8096)/14?
7
Let x = -263 - -509. Suppose 27 - 2 = 5*f, 0 = 3*t - 3*f - x. What is the units digit of (t/9)/(1/3)?
9
Let o = -104 - -80. Let j = -290 - -451. What is the tens digit of j/4 + o/(-32)?
4
Suppose 30 = 3*f - 4*t, f - 6*t - 15 = -3*t. What is the units digit of ((-2)/f)/(2/(-348))?
8
Let z = 26 - 89. Let v = -15 - -29. What is the units digit of (18/z)/((-2)/v)?
2
Let z = 1036 - 621. Suppose 0 = 7*x + z - 1220. What is the units digit of x?
5
What is the hundreds digit of 25063/15 - 34/(-255)?
6
What is the tens digit of ((6/(-10))/(-1))/(2/530)?
5
Let s = 222 - 71. What is the hundreds digit of s?
1
Let o(b) = 6*b**2 - 3*b - 1. Let j(g) = g**3 - g**2 + 1. Suppose 4 = 2*h + 2*h. Let v(f) = h*o(f) + 2*j(f). What is the tens digit of v(2)?
2
Suppose 7*o = -14*o + 17829. What is the tens digit of o?
4
Suppose -3*m - 2 = h, 0 = h + m + 1 - 7. What is the tens digit of 4 + -2 + h*7?
7
Suppose 158*f - 163*f + 4040 = 0. What is the units digit of f?
8
Let l(q) = -5*q**3 - 18*q**2 + 12*q + 4. Let z be l(-8). Suppose -412 - z = -8*t. What is the hundreds digit of t?
2
Let f(q) = -14*q**3 + 8*q**2 + 